igit of 5593?
9
What is the tens digit of 9349?
4
What is the ten thousands digit of 14266?
1
What is the units digit of 2128?
8
What is the thousands digit of 2345?
2
What is the hundreds digit of 3520?
5
What is the ten thousands digit of 22298?
2
What is the thousands digit of 25175?
5
What is the tens digit of 2370?
7
What is the ten thousands digit of 75858?
7
What is the units digit of 46556?
6
What is the units digit of 26204?
4
What is the tens digit of 111601?
0
What is the hundreds digit of 3026?
0
What is the thousands digit of 7223?
7
What is the tens digit of 54383?
8
What is the tens digit of 1023?
2
What is the hundreds digit of 85983?
9
What is the tens digit of 1005?
0
What is the tens digit of 2682?
8
What is the thousands digit of 1142?
1
What is the tens digit of 144399?
9
What is the units digit of 1290?
0
What is the units digit of 52969?
9
What is the tens digit of 2434?
3
What is the tens digit of 16970?
7
What is the hundreds digit of 3953?
9
What is the hundreds digit of 76469?
4
What is the hundreds digit of 450?
4
What is the hundreds digit of 46891?
8
What is the thousands digit of 7478?
7
What is the units digit of 6766?
6
What is the thousands digit of 30200?
0
What is the thousands digit of 6719?
6
What is the ten thousands digit of 45846?
4
What is the tens digit of 922?
2
What is the tens digit of 3597?
9
What is the tens digit of 38230?
3
What is the tens digit of 649?
4
What is the tens digit of 40306?
0
What is the hundreds digit of 6335?
3
What is the hundreds digit of 5113?
1
What is the units digit of 127?
7
What is the thousands digit of 16304?
6
What is the tens digit of 3370?
7
What is the hundreds digit of 25993?
9
What is the units digit of 3132?
2
What is the thousands digit of 1520?
1
What is the thousands digit of 8671?
8
What is the hundreds digit of 3740?
7
What is the tens digit of 1503?
0
What is the hundreds digit of 1002?
0
What is the units digit of 7992?
2
What is the thousands digit of 4509?
4
What is the thousands digit of 1964?
1
What is the hundreds digit of 3172?
1
What is the hundreds digit of 12478?
4
What is the tens digit of 1638?
3
What is the units digit of 805?
5
What is the ten thousands digit of 81325?
8
What is the thousands digit of 12723?
2
What is the tens digit of 1023?
2
What is the hundreds digit of 725?
7
What is the tens digit of 1465?
6
What is the units digit of 2139?
9
What is the hundreds digit of 609?
6
What is the tens digit of 2602?
0
What is the thousands digit of 1069?
1
What is the hundreds digit of 58702?
7
What is the tens digit of 859?
5
What is the units digit of 25093?
3
What is the hundreds digit of 1234?
2
What is the hundreds digit of 62572?
5
What is the hundreds digit of 2457?
4
What is the tens digit of 3343?
4
What is the thousands digit of 1242?
1
What is the thousands digit of 112001?
2
What is the units digit of 5789?
9
What is the hundreds digit of 807?
8
What is the tens digit of 26722?
2
What is the tens digit of 3122?
2
What is the tens digit of 365?
6
What is the tens digit of 11916?
1
What is the ten thousands digit of 134450?
3
What is the tens digit of 9021?
2
What is the units digit of 961?
1
What is the units digit of 15497?
7
What is the hundreds digit of 1165?
1
What is the units digit of 326?
6
What is the thousands digit of 1131?
1
What is the units digit of 16?
6
What is the units digit of 6112?
2
What is the units digit of 9757?
7
What is the hundreds digit of 3188?
1
What is the thousands digit of 3179?
3
What is the hundreds digit of 27080?
0
What is the tens digit of 304?
0
What is the tens digit of 35732?
3
What is the units digit of 216?
6
What is the tens digit of 371?
7
What is the hundreds digit of 1461?
4
What is the hundreds digit of 542?
5
What is the tens digit of 3183?
8
What is the ten thousands digit of 38415?
3
What is the hundreds digit of 219?
2
What is the tens digit of 1324?
2
What is the tens digit of 838?
3
What is the units digit of 173?
3
What is the hundreds digit of 2914?
9
What is the units digit of 23523?
3
What is the units digit of 7294?
4
What is the units digit of 1129?
9
What is the thousands digit of 1766?
1
What is the units digit of 763?
3
What is the hundreds digit of 933?
9
What is the hundreds digit of 1425?
4
What is the units digit of 20?
0
What is the units digit of 297?
7
What is the tens digit of 23748?
4
What is the ten thousands digit of 15062?
1
What is the units digit of 891?
1
What is the thousands digit of 73737?
3
What is the units digit of 876?
6
What is the tens digit of 30676?
7
What is the ten thousands digit of 70609?
7
What is the tens digit of 46654?
5
What is the ten thousands digit of 31188?
3
What is the tens digit of 9164?
6
What is the units digit of 2895?
5
What is the thousands digit of 1366?
1
What is the hundreds digit of 5114?
1
What is the units digit of 96493?
3
What is the hundreds digit of 515?
5
What is the units digit of 659?
9
What is the tens digit of 72615?
1
What is the tens digit of 31826?
2
What is the hundreds digit of 401?
4
What is the hundreds digit of 65690?
6
What is the hundreds digit of 288?
2
What is the hundreds digit of 1648?
6
What is the thousands digit of 14399?
4
What is the units digit of 239?
9
What is the ten thousands digit of 18343?
1
What is the tens digit of 55635?
3
What is the tens digit of 783?
8
What is the units digit of 9631?
1
What is the units digit of 24224?
4
What is the ten thousands digit of 14539?
1
What is the units digit of 712?
2
What is the units digit of 21773?
3
What is the hundred thousands digit of 114057?
1
What is the units digit of 6300?
0
What is the units digit of 2170?
0
What is the ten thousands digit of 16639?
1
What is the tens digit of 4697?
9
What is the units digit of 1672?
2
What is the tens digit of 4761?
6
What is the hundreds digit of 119429?
4
What is the ten thousands digit of 34629?
3
What is the units digit of 67637?
7
What is the tens digit of 1783?
8
What is the units digit of 918?
8
What is the thousands digit of 9128?
9
What is the hundreds digit of 11654?
6
What is the units digit of 125033?
3
What is the hundreds digit of 4791?
7
What is the hundreds digit of 3675?
6
What is the tens digit of 2785?
8
What is the hundreds digit of 3368?
3
What is the hundreds digit of 6416?
4
What is the tens digit of 12874?
7
What is the tens digit of 541?
4
What is the units digit of 1139?
9
What is the tens digit of 78777?
7
What is the units digit of 981?
1
What is the units digit of 24813?
3
What is the thousands digit of 33135?
3
What is the ten thousands digit of 75447?
7
What is the thousands digit of 7688?
7
What is the hundreds digit of 3418?
4
What is the tens digit of 1092?
9
What is the thousands digit of 68236?
8
What is the thousands digit of 10561?
0
What is the units digit of 603?
3
What is the tens digit of 1024?
2
What is the thousands digit of 20914?
0
What is the tens digit of 290?
9
What is the thousands digit of 30746?
0
What is the hundreds digit of 53413?
4
What is the units digit of 1033?
3
What is the tens digit of 7067?
6
What is the tens digit of 1037?
3
What is the hundreds digit of 5765?
7
What is the units digit of 7852?
2
What is the thousands digit of 8285?
8
What is the tens digit of 275?
7
What is the ten thousands digit of 56453?
5
What is the ten thousands digit of 22438?
2
What is the thousands digit of 2934?
2
What is the ten thousands digit of 39361?
3
What is the hundreds digit of 986?
9
What is the units digit of 8478?
8
What is the units digit of 550?
0
What is the tens digit of 727?
2
What is the tens digit of 55069?
6
What is the hundreds digit of 4744?
7
What is the units digit of 348?
8
What is the thousands digit of 2471?
2
What is the units digit of 4524?
4
What is the tens digit of 1096?
9
What is the units digit of 5087?
7
What is the tens digit of 26025?
2
What is the thousands digit of 99375?
9
What is the ten thousands digit of 28879?
2
What is the ten thousands digit of 59983?
5
What is the hundreds digit of 3031?
0
What is the tens digit of 258?
5
What is the tens digit of 4507?
0
What is the hundreds digit of 47438?
4
What is the tens digit of 5536?
3
What is the tens digit of 14104?
0
What is the hundreds digit of 1887?
8
What is the 